 factors of k?
5, 17
Let r(o) = -o**3 - o**2 + o + 21. Let b = -36 - -36. Let s be r(b). Suppose 18*v = s*v - 96. List the prime factors of v.
2
Let v be ((-19414)/(-68))/(1/(-6)). Let y = 3393 + v. What are the prime factors of y?
2, 3, 5, 7
Let m be -16*((-39)/(-12) - 2/1). Let f(q) = 2*q + 38. Let p be f(m). List the prime factors of -5*(p - 336/20).
2, 47
Let u = -221 - -238. What are the prime factors of 767/u + (70/(-85))/7?
3, 5
Let y be -210*(-16)/30*12. Suppose 368*u = 374*u - y. List the prime factors of u.
2, 7
Suppose -2997 + 733 = 4*r. Let n = -329 - r. Suppose 3*w = 2*k - n, -k + 2*w + 53 = -68. What are the prime factors of k?
3, 37
Suppose -2206323 - 1391579 = -154*g. What are the prime factors of g?
61, 383
Let y(k) be the first derivative of k**3 + 29*k**2/2 - 29*k - 1. Let v = -904 + 888. What are the prime factors of y(v)?
5, 11
Let y(v) = 54*v - 12*v + 2*v - 100. What are the prime factors of y(22)?
2, 7, 31
Suppose -3*j + 2*l + 0*l = 1, 31 = 2*j + 5*l. Let c be -3*((-10)/j - -2) - 0. Suppose 3*w - 63 = x + 141, -c*w - 3*x = -272. What are the prime factors of w?
2, 17
Suppose 2*v = -5*l + 12105, -309*v + 312*v + 2*l = 18163. List the prime factors of v.
5, 7, 173
What are the prime factors of 4589 + -36*9/(-36)?
2, 11, 19
Let z(y) = -53457*y + 82. What are the prime factors of z(-1)?
37, 1447
Suppose 1871 = -4*o + 3*k + 28039, -k = -5*o + 32699. List the prime factors of o.
13, 503
Let m(y) = 4*y - 83. Let r be m(22). Suppose -r*k + 3*h = -6303, -7*k + 10*k + h - 3779 = 0. What are the prime factors of k?
2, 3, 5, 7
Let f be (270 + 6)*1/2. Let u be 0/(4 + 15/(-5)). Suppose 3*h - 2*b - 95 = u, -3*h = h + 3*b - f. List the prime factors of h.
3, 11
Let m = 1694 + -822. Suppose 10*s - 6598 = m. List the prime factors of s.
3, 83
Let f(d) = 10*d**2 - 82*d - 12. Let y be f(13). Suppose 4862 = 17*m - y. What are the prime factors of m?
2, 7, 23
Let c = 6704 - -996. What are the prime factors of c?
2, 5, 7, 11
Let t(w) = 0 + w**3 - 4*w**2 - 5*w - 1 + 2*w**2. Suppose 0 = -3*r - 1087 + 1099. List the prime factors of t(r).
11
Let t(w) = -36*w + 178. Let k be t(5). Let i be (3 + 1*-2)*-2. What are the prime factors of (-293)/k - (-1)/i?
2, 73
Let d = 3 - 1. Let o(s) = 46*s**3 - 5*s**2 + 39*s - 72. Let i be o(2). Suppose -2*b - 4*z + i = 0, -2*b - d*z + 350 = 3*z. What are the prime factors of b?
5, 37
Let t be (-5)/((-25)/95) - 0. Suppose -2*j = 1 + t. Let f(y) = -10*y + 13. List the prime factors of f(j).
113
Let c = 39255 + -13793. List the prime factors of c.
2, 29, 439
Let k be 3/((-6)/(-11))*2. Let b = k + 33. Let v = b - 22. What are the prime factors of v?
2, 11
Let w be 80/(-35) + 2 + (-86)/(-7). Let s be ((-9)/w)/((-4)/16) + 0. Suppose -2*h + 112 = f, -s*f - 279 + 55 = -4*h. List the prime factors of h.
2, 7
Let r(u) = -4*u - 35. Let z(h) = h - 26. Let o be z(19). Let w be r(o). Let n(y) = -27*y + 9. List the prime factors of n(w).
2, 3, 11
Let i = 605 + -602. Suppose i*u = -3, -3*c + 5*u - 89 = -349. List the prime factors of c.
5, 17
Let l(a) = 69 + 22*a + 28 + 25*a + 93. What are the prime factors of l(28)?
2, 3, 251
Let f(q) = -28*q - 6 - 17*q + 5*q + 5. Suppose -3*l - 1 = -2*l. What are the prime factors of f(l)?
3, 13
Suppose 4*c = -2*s + 3*s - 143, -2*c = -s + 71. Let v = c + -2. Let m = 51 + v. List the prime factors of m.
13
Let f(o) = 3 + 3*o + 5*o**2 - o - 3*o - 4*o. Let w be f(3). List the prime factors of 12/(-66) - (-732)/w.
2, 11
Let b = -2179 + 3340. What are the prime factors of b?
3, 43
Let k(o) = 193*o**2 - 123*o - 1918. List the prime factors of k(-15).
2, 5419
Let l be 267 - 10/(80/56). Let q be (-210)/4*(-132)/15. Let j = q - l. What are the prime factors of j?
2, 101
Let u = 26148 - 17391. List the prime factors of u.
3, 7, 139
Let x = 5565 - 3122. What are the prime factors of x?
7, 349
Suppose -5*w = -5*y + 135, -57*w - 105 = -52*w + 5*y. List the prime factors of -798*(30/w - 3/12).
3, 7, 19
Let k(w) = 96*w**2 + 9*w - 386. List the prime factors of k(11).
11329
Let n(d) = -d - 4. Let m be n(-9). Suppose 2*i - m*y = 5*i - 666, 0 = i - 5*y - 222. Suppose 7*h = i + 366. List the prime factors of h.
2, 3, 7
Let h be (-84184)/72 + (-14)/(-63). Let m = 2279 + h. List the prime factors of m.
2, 3, 5, 37
Let w(b) = b**3 - 23*b**2 + 22*b. Let k be w(22). Suppose 5*c + 2*c - 2310 = k. List the prime factors of c.
2, 3, 5, 11
Let z be (-2)/(-4)*(34 + -22). Suppose -3*o + 3 = 0, -z*o = 5*r - 8*o - 4613. List the prime factors of r.
13, 71
Suppose -11*n + 35 = 5*g - 7*n, g = 3*n - 12. Suppose 16 = 5*v - 4, g*a - v - 122 = 0. List the prime factors of a.
2, 3, 7
Let m = -402 - -404. Suppose -m*t = -4*s + 1562, -2*s + 771 = -2*t - t. What are the prime factors of s?
3, 131
Suppose -40*s + 38*s = 12, 5*s = 3*x - 31362. List the prime factors of x.
2, 7, 373
Suppose 15*g - 2*g = -7*g + 102740. What are the prime factors of g?
11, 467
List the prime factors of 10/2 + (-31 - -2919).
11, 263
Let x = 3151 - 650. What are the prime factors of x?
41, 61
Let f = -129 + 124. List the prime factors of ((-294)/(-105))/((-1)/f).
2, 7
List the prime factors of 10/2 - (-176 - 23708).
3, 7963
Let w(r) = 3*r**3 + 17*r**2 - 5*r + 6. Let j be w(-6). Suppose -4*a - 2*c + 1090 = -0*a, j = 2*a - 5*c - 575. What are the prime factors of a?
5, 11
What are the prime factors of (4897440/576)/(2/4)?
5, 19, 179
Let z be (-19 + 1)*(-3)/9. Let h be 208/z - (16/(-6))/(-4). What are the prime factors of h/(-10) + 3 - 1234/(-10)?
3, 41
Suppose 0 = 16*x + 13*x + 87. Let o(f) = 32*f**2 - 9. What are the prime factors of o(x)?
3, 31
Let t(d) = d - 6. Let j be t(6). Suppose j = -5*z - 3*m + 55, 0 = 7*z - 2*z - m - 35. List the prime factors of ((z/6)/((-4)/(-282)))/1.
2, 47
Let w(d) be the first derivative of 2*d**3/3 - d**2 + 148*d - 30. What are the prime factors of w(-16)?
2, 173
Let s = -796 - -961. List the prime factors of s.
3, 5, 11
Let w be -1 - 0 - 1/3*-2118. Let p = -145 + w. What are the prime factors of p?
2, 5, 7
Suppose k - 9 = -r, -3*r - k + 6*k - 5 = 0. Let p be (2*3/(-18))/(r/(-30)). Suppose j - 30 = -p*j. List the prime factors of j.
2, 5
List the prime factors of ((30 - 10) + -15)*(1858 - -1).
5, 11, 13
Let c(z) = -6 + 91*z - 145*z + 143*z. List the prime factors of c(6).
2, 3, 11
Let g = 462 + 3850. Suppose 9*p - g = 2*p. Suppose -2*s - 3*a + p = 3*s, -4*s + a + 486 = 0. What are the prime factors of s?
2, 61
Suppose 345 = -21*f + 24*f. List the prime factors of f*(26/(-10) + 3).
2, 23
Let j(v) = -9*v + 3. Let m(w) be the second derivative of 3*w**3 - 7*w**2/2 - 15*w. Let x(o) = 9*j(o) + 4*m(o). List the prime factors of x(-6).
53
Suppose -442*k + 4*p = -443*k + 1775, 0 = -4*k - p + 7055. What are the prime factors of k?
41, 43
Let n = -3970 - -6114. Let t = -1083 + n. What are the prime factors of t?
1061
Suppose 24*c - c - 53*c = -75120. List the prime factors of c.
2, 313
Let a = 118 - 117. Suppose -1 = 2*q - a. Suppose q*p + 72 = 2*p. List the prime factors of p.
2, 3
Suppose 9*u - 89205 = 4647. Suppose 5*r - u = -6*r. What are the prime factors of r?
2, 3, 79
Let h(y) = -3*y. Let g(c) = -8*c - 22. Let z(q) = -g(q) + 5*h(q). What are the prime factors of z(-8)?
2, 3, 13
Let s(c) = -2*c + 4. Let r be s(-6). What are the prime factors of 32*(392/r - -2)?
2, 53
Suppose -4*o + 2*p = -46, 3*p - 1 = -o - 7. Let v(d) = 6*d - 9*d**2 - 5 + d**3 + 0*d - 4*d. List the prime factors of v(o).
13
Let y be ((-45)/(-20))/((-6)/(-16)). Suppose 0 = -y*g + g + 670. Let j = g + 4. List the prime factors of j.
2, 3, 23
Let f be 85818/8 - (-16)/(-64). Let d = -18 + 69. List the prime factors of f/d - (-1)/(-3).
2, 3, 5, 7
Suppose 0 = j - 5*j + 20. Suppose 2*h + j*d + 3 - 2 = 0, -3*d = -2*h + 7. What are the prime factors of (33/(-22))/(h/(-72))?
2, 3
Let y be 3/(-3) + (49 - 18). What are the prime factors of (y/7)/((-15)/(-2030))?
2, 5, 29
Let f be 31 - (14/12 + 2/(-12)). Suppose -4*j + f = 74. Let x = 113 + j. List the prime factors of x.
2, 3, 17
Suppose 0 = -2*g + h + 37 + 128, 3 = h. What are the prime factors of (-144)/g*(-875)/10?
2, 3, 5
Let j be (2/3)/(2/(36 + -6)). Suppose 0 = j*m - 2505 - 2525. List the prime factors of m.
503
Suppose -93*w + 78*w + 55680 = 0. List the prime factors of w.
2, 29
Let c be 840/(-22) - (-26)/143. Let 